 34. Let k = -8 + 12. Suppose -3*d = 2*g - 60, 84 = 4*d + k*g - 0*g. Calculate the highest common divisor of w and d.
6
Let y(m) = -m**3 + m - 20. Let d be y(0). Let a = 5 - 15. Let k be (-2)/a - 416/d. What is the highest common factor of k and 7?
7
Let o be (1 - -4)*(8 + 2). Let t = 98 - o. Calculate the greatest common factor of 32 and t.
16
Let g be (-14)/(-4)*96/56. Calculate the greatest common factor of 15 and g.
3
Let g(o) = o**3 - 6*o**2 - 7*o - 9. Let b be g(7). Let p = b - -20. What is the greatest common divisor of 1 and p?
1
Suppose 0 = -4*b - b - 10. Let y = b - -11. Calculate the greatest common divisor of y and 36.
9
Let l be 1/((-525)/(-522) - 1) - -2. What is the greatest common divisor of l and 11?
11
Let t = -11 + 18. What is the greatest common factor of 7 and t?
7
Suppose -2*h - 12 = 2*h. Let o be (-29)/h + (-8)/12. Let s be 27/(o/3) + 1. What is the greatest common factor of s and 90?
10
Let a(k) = 15*k. Let r be a(7). What is the greatest common factor of 35 and r?
35
Let s = -22 + 23. Let t be 1*(0 + s) + 0. Calculate the greatest common factor of t and 1.
1
Suppose -8*y = -3*y - 10. Suppose -3*v + 150 = y*v. Let w(f) = 28*f - 232. Let p be w(9). Calculate the greatest common factor of v and p.
10
Let x = -18 + 33. Suppose 3*m = 4*j - 9*j + 45, 3*j + 5*m - 43 = 0. What is the greatest common factor of x and j?
3
Let v(f) = 2*f**2 + 5*f + 2. Let a be v(-3). Suppose 3*x = a + 16. Calculate the highest common divisor of x and 28.
7
Let b(s) = -s**3 - 4*s**2 - 3*s - 8. Let l be b(-5). Let g(x) = x - 9. Let c be g(13). Calculate the highest common factor of c and l.
4
Let l be (-52)/(-44) - 2/11. Let j be ((-20)/1)/((-1)/l). Let r(o) = 5*o**2 + o - 1. Let v be r(1). What is the greatest common divisor of j and v?
5
Suppose -104 = -21*d - 20. Let t be 4/(-6) - 196/(-6). What is the highest common divisor of d and t?
4
Suppose z = 4*f + 13 - 129, -128 = -4*f - 2*z. Calculate the greatest common factor of f and 15.
15
Let g = -21 - -13. Let c be (-1)/(20/g)*55. What is the highest common divisor of 11 and c?
11
Suppose 30 + 40 = 5*y. Calculate the highest common divisor of y and 2.
2
Suppose -69 = -7*y - 20. Calculate the highest common factor of 49 and y.
7
Suppose 5*t + b - 34 = 0, 4*t - 26 + 0 = -2*b. Calculate the highest common factor of t and 35.
7
Suppose 5*z - 54 = 5*c - 14, -z = 4*c + 12. Suppose -z*h = -0*h - 44. Calculate the greatest common divisor of 11 and h.
11
Suppose 334 - 34 = 5*r. Suppose 0*q + r = 4*q. Calculate the greatest common factor of 105 and q.
15
Let g = 32 + -20. Let q(n) = n**3 - 3*n - 2. Let f be q(5). Calculate the highest common factor of g and f.
12
Let y = 279 - 167. Calculate the highest common divisor of 16 and y.
16
Suppose -2*b + 3 + 19 = 0. Let m(x) = x**2 - 11*x + 15. Let j be m(b). Calculate the highest common factor of j and 3.
3
Let j be (-6)/(-4) + (-21)/(-6). Suppose 20 + 18 = j*p - 4*n, 2*n = -p + 16. Calculate the highest common divisor of p and 4.
2
Let f(j) = j**3 + 8*j**2 - 6*j - 12. Let w be f(-8). Let k(q) = 0 + 2 - 8 - 6*q. Let b be k(-5). Calculate the greatest common factor of b and w.
12
Let k = 38 - 27. What is the greatest common factor of 1 and k?
1
Let b = 10 - 7. Let f be 1*31 - (4 - b). What is the highest common factor of f and 5?
5
Let h = 2 - 0. Suppose 5*i - 3*k = 12, -16 = -4*i + h*i + 4*k. Suppose 4*y = -4*b + 16, -3*y + y + 2*b = i. What is the greatest common factor of y and 2?
2
Let a(k) = 2*k - 7. Let b be a(9). What is the highest common factor of b and 110?
11
Let n be 3/(-6) + (-34)/(-4). Let r be 1/4 - (-3926)/n. Suppose -r = -4*c - 71. What is the highest common divisor of 15 and c?
15
Let m = -16 - -20. Suppose 5*y + 4*d = -0*d + 120, -2*d + 74 = 3*y. Calculate the highest common factor of m and y.
4
Let n(d) = d**2 - d + 7. Let x be n(5). Calculate the highest common factor of x and 297.
27
Suppose -2*o = 5*q - 711, 0 = 6*q - 3*q - 5*o - 439. Suppose 0 = -4*a - p + 54, -5*a + 4*p + 1 = -56. Calculate the highest common factor of a and q.
13
Suppose 4*t = 20, 3*t - t = r + 4. Let y be 12/16 + (-6)/8. Let u = y + 4. What is the highest common factor of u and r?
2
Let g = -39 - -59. Calculate the highest common factor of g and 180.
20
Let i(f) = -f**2 + 17*f - 20. Let y be i(14). Let d be (-14 - -3)/(1/(-3)). Calculate the highest common factor of y and d.
11
Let v = -160 + 304. Suppose -2*k - v = -728. Suppose 5*f - k - 48 = 2*g, 4*f = 4*g + 260. Calculate the greatest common factor of f and 14.
14
Let y(x) = -x**2 - 2*x + 8. Let t be y(-7). Let k = t + 6. Let r = k - -33. Calculate the greatest common divisor of r and 72.
12
Suppose 3*j = 3*u + 15, 9 = -2*u - u. Suppose -n + 8 = n. Suppose 0*c = -4*c + n. What is the highest common divisor of c and j?
1
Suppose 25 = -2*q + 105. Suppose -34*p - 32 = -38*p. Calculate the greatest common divisor of q and p.
8
Let a be 2/8 + (-62)/(-8). Let u = a - 4. What is the greatest common factor of u and 28?
4
Let g = -3 - -6. Suppose 5 - 1 = -3*k + 2*b, -k + g*b - 13 = 0. Let o be 32/12*(11 - k). What is the highest common divisor of 96 and o?
24
Suppose 30*y + 134 = 794. Let s = -190 - -366. Calculate the highest common divisor of s and y.
22
Let h(u) = -4*u - 13. Let x be h(-6). Suppose 0 = -k + 2 - 0. Suppose -o = -k*i - 81, i + 2*i = 4*o - 314. Calculate the highest common divisor of x and o.
11
Suppose -20*l + 56 = 8*l. Let f(k) = -k**2 - 7*k - 8. Let b be f(-6). Let c be -5*2*(-3 - b). Calculate the highest common divisor of c and l.
2
Let f = 5 + -1. Let l = -7 + f. Let r(y) = 2*y**2 + 5*y + 2. Let a be r(l). What is the highest common divisor of a and 10?
5
Suppose 0 = 2*z - 2 - 30. What is the greatest common divisor of z and 48?
16
Let x be 2/(-9) + ((-3640)/18)/(-10). Calculate the highest common divisor of x and 30.
10
Let a = -31 - -47. Let r be ((-2)/6)/(2*(-2)/96). Calculate the greatest common divisor of r and a.
8
Let q(x) = 18*x**2 + x - 2. Let m be q(2). What is the highest common factor of m and 48?
24
Let t = 6 - 0. Suppose -y + 2*y = t. Let v be 100/(-6)*(3 - y). Calculate the highest common divisor of v and 10.
10
Let i(h) = -h + 2 + 3*h - 3*h. Let x be 10/(-4)*4/5. Let t be i(x). What is the greatest common factor of 1 and t?
1
Let y = -106 + 109. What is the greatest common divisor of y and 51?
3
Let l(h) = 2*h + 6. Let z be l(15). Calculate the greatest common divisor of 12 and z.
12
Let o be (-15)/(-45) + (-232)/(-6). What is the highest common divisor of o and 429?
39
Let c be -3 - -11 - -1 - 2. Calculate the greatest common factor of c and 1.
1
Let b = 183 - 135. What is the greatest common factor of b and 60?
12
Suppose x - 35 = -7. Let z(j) = j - 2. Let n be z(2). Suppose n = -5*a + 20, 2*p - 3*p = 4*a - 86. What is the greatest common divisor of p and x?
14
Let s(w) = w**2 - 10*w - 32. Let j be s(14). Suppose -8 = -2*k + k. Calculate the greatest common factor of k and j.
8
Suppose 0 = 15*r - 4*r - 176. What is the highest common divisor of r and 4?
4
Let g(w) = w**3 + 4*w**2. Let o be g(-3). What is the greatest common factor of o and 18?
9
Let a(u) = -u**2 - 2*u - 90. Let s(l) = l + 1. Let z(v) = -a(v) - 2*s(v). Let i be z(0). What is the greatest common factor of 11 and i?
11
Let d = -149 - -213. What is the greatest common divisor of 64 and d?
64
Suppose 0 = -10*g - 48 + 258. Calculate the greatest common factor of g and 105.
21
Let l(b) = 0*b - 4*b + 6*b - 5. Let i be l(5). Suppose -m - 2 = -3*n, -2*n - 9 - 3 = -4*m. Calculate the highest common factor of n and i.
1
Let p(g) = 11*g + 35. Let k(w) = -4*w - 12. Let c(y) = 17*k(y) + 6*p(y). Suppose -12 = b - 5. Let h be c(b). What is the greatest common divisor of h and 4?
4
Let l be 63/(12/(-30) + 27/30). What is the greatest common factor of 7 and l?
7
Suppose -5*j = -4*t - 9 - 5, -2*j - 2*t = -20. Calculate the greatest common factor of 6 and j.
6
Suppose -18*n + 17*n + 5 = 0. What is the highest common factor of 2 and n?
1
Let p(m) = -4*m - 10. Let b be p(-6). Let w be (1 + 0)*1*2. What is the highest common factor of w and b?
2
Let f = 52 - 35. Suppose 4*a - f = -1. Suppose 2*o + 552 = a*w - 12, w = 5*o + 123. Calculate the greatest common factor of w and 13.
13
Suppose -q + 2*f = -2*q + 7, 0 = 3*q + 3*f - 33. Let r b